 - h - 7. Let q be k(6). Suppose 34*r - 25 = 33*r. What is the highest common factor of r and q?
25
Let i be 31/(-403) - 27/(-13). Let h be (9/(-6) - 1)*-4. What is the highest common divisor of i and h?
2
Let b be 568/(-20) + 6/15. Let k = -20 - b. Let j(p) = 16*p - 8. Let g be j(6). Calculate the highest common factor of g and k.
8
Suppose 5*t = -2*q, 0 = q + 2*q - t. Suppose 0 = 4*b + 4*c - 68, q*c - 4*c - 76 = -4*b. Calculate the highest common factor of 198 and b.
18
Let f(z) = z**2 - 16*z + 4. Let k be f(16). Suppose k*u - 22 = -2. Calculate the highest common divisor of 1 and u.
1
Let o(p) = -3*p**3 - p**2 - 5*p + 2. Let n be o(3). Let h be (1 + -2)/((-6)/6) - n. Calculate the greatest common factor of 26 and h.
26
Suppose -k + 8 = -2*m + 4*m, 3*m - 12 = k. Suppose m*c = 4, 2*c + 2*c - 56 = -i. Suppose 187 + 294 = 37*q. What is the highest common divisor of i and q?
13
Suppose -2 = -2*n - 10. Let z be n/((-3)/12*2). Suppose -2*w + 154 = 5*d, -w + 11 = -d + 46. What is the greatest common divisor of d and z?
8
Let w(g) be the first derivative of g**4/4 - 5*g**3/3 + 5*g**2 - 6*g + 24. Let h be w(4). Calculate the greatest common factor of h and 27.
9
Let z(s) = -29*s - 3. Let n(g) = 10*g + 1. Let d(l) = 8*n(l) + 3*z(l). Let v be d(-3). Suppose -6*o + v = -o. What is the highest common divisor of 20 and o?
4
Let j = 610 - 602. Calculate the highest common divisor of 118 and j.
2
Let p(j) = j**2 - 11*j - 12. Let c(u) = u**3 + u**2 + 13. Let y be c(0). Let g be p(y). Calculate the greatest common divisor of g and 70.
14
Let d be (-4*(-1157)/26)/2. Calculate the highest common factor of d and 1958.
89
Suppose 0 = -4*v - 3*c + 1548, -12*c + 784 = 2*v - 13*c. Calculate the highest common divisor of 60 and v.
30
Let o(w) = 76*w**2 + 9*w + 18. Let r be o(-2). Calculate the highest common factor of 48 and r.
16
Let l = 17 - 10. Suppose -5*y = 3 + l. Let j be y/(-9) + 3556/36. What is the highest common divisor of 11 and j?
11
Suppose 2*p + 76 = 3*m, 0 = 4*m - 0*m. Let z = 25 + p. Let u = z + 18. What is the greatest common factor of u and 10?
5
Suppose -44*a + 20 = -48*a. Let d be 36/45 + (-116)/a. What is the highest common divisor of d and 120?
24
Let t = -75 - -35. Let l = t - -45. Calculate the highest common factor of l and 10.
5
Let j = -149 + 121. Let z be 12368/112 - 2/j*-6. Calculate the highest common factor of z and 10.
10
Let r(h) = h**3 + 13*h**2 + 7*h + 14. Let v be r(-9). What is the highest common factor of 11 and v?
11
Let p be (-2)/9 - 330/(-27). Let o be (-26)/2 - -7 - -18. What is the highest common factor of o and p?
12
Suppose 3 = -3*m + 4*m. Let i be (1 + -2)*(-60)/2. Let k be i/2 - 0/(-11). What is the highest common divisor of k and m?
3
Suppose -13*k + 2312 = 557. Calculate the greatest common divisor of 216 and k.
27
Let d be (-23)/(0 + (-3)/3). Let c = d + 39. What is the highest common divisor of 31 and c?
31
Let s = 9 - 11. Let u = 27 + s. Let w = 52 - u. What is the greatest common factor of w and 54?
27
Let v(y) = -y**2 - 42*y - 17. Let o be v(-4). Calculate the greatest common factor of o and 30.
15
Suppose -7*t + 19*t - 9588 = 0. Calculate the highest common divisor of 17 and t.
17
Suppose 0 = -22*z + 87 + 45. What is the greatest common factor of z and 21?
3
Let j(z) = z**3 + 10*z**2 + 3. Let q be j(-10). Let l(k) = 20*k**2. Let p be l(q). What is the greatest common factor of 45 and p?
45
Let d = -266 + 356. What is the greatest common factor of 210 and d?
30
Let j = 113 - 61. Suppose 7*g - 2*g - 62 = -y, -y + 4*g + 26 = 0. Let h = y - 29. What is the highest common divisor of h and j?
13
Let c(z) = z**2 - 64*z + 347. Let f be c(5). What is the highest common factor of f and 39?
13
Let r be (-30)/(-28)*34 - (-24)/(-56). Suppose -6 = 2*o - r. What is the highest common factor of 30 and o?
15
Suppose -5*z = -9 - 16. Suppose -z*f + s = -7, -f - 4*s - 3 = 4*f. What is the greatest common factor of f and 7?
1
Let d = -52 + 101. Suppose -d = s - 196. What is the highest common divisor of 21 and s?
21
Let i(t) = 2*t**2 - 21*t + 17. Let z be i(17). What is the greatest common factor of 34 and z?
34
Let o = 575 + -455. What is the greatest common factor of 48 and o?
24
Let s(u) = -8*u + 30. Let z be s(-5). Calculate the greatest common divisor of z and 770.
70
Let q be (1395/(-310))/((-3)/364). Calculate the greatest common factor of q and 7.
7
Let u = 33 - 28. Suppose u*i - 106 + 34 = 3*r, r - 61 = -4*i. Calculate the greatest common factor of i and 6.
3
Let q(s) = 7*s + 55. Let f be q(-6). Calculate the greatest common divisor of 221 and f.
13
Let u(a) = -21*a**2 - a. Let c be u(-1). Let s = -18 - c. Suppose -s*o = 0, -2*o + 16 = p + p. What is the highest common divisor of 4 and p?
4
Let q(f) = -f**3 + 38*f**2 + 36*f + 207. Let t be q(39). What is the greatest common factor of 1935 and t?
45
Let f(m) = m**2 + 20*m - 1. Let g be f(-13). Let x = -28 - g. Suppose 2*i - x = -2*i. What is the greatest common factor of i and 40?
8
Let a be 90/(-15)*(-1)/3. Let f(y) = -3*y + 7. Let i be f(a). What is the greatest common divisor of 7 and i?
1
Let f be (-592)/(-11) + (-108)/(-594). What is the greatest common factor of 351 and f?
27
Let x be (9/(-3))/((-15)/135). What is the highest common divisor of 621 and x?
27
Suppose -25*n + 4 = -21*n. Let r be (-6)/(n - 4) - 2. Suppose 107 = c + 4*x, r = -3*c - 2*c + 4*x + 487. What is the greatest common divisor of c and 33?
33
Suppose 0 = -5*n + 3*t - 0*t + 456, 2*n - t = 183. Calculate the greatest common factor of 124 and n.
31
Let v(f) = -f**2 - 15*f + 6. Let y be v(-4). Calculate the greatest common factor of y and 1.
1
Let n(j) = -j**2 - 3*j + 96. Let s be n(-8). Calculate the highest common factor of 7 and s.
7
Suppose -71 = 8*a - 103. What is the greatest common divisor of a and 9?
1
Let r = -14 - -54. Suppose -183*v = -271*v + 440. What is the greatest common divisor of r and v?
5
Let c = -152 + 200. Calculate the highest common divisor of 24 and c.
24
Suppose -z - 35 = -74. Suppose -840 = -43*h + z*h. Suppose -3*b + 3*r = -102, 3*b - 2*r = 45 + 58. What is the highest common divisor of h and b?
35
Suppose 0 = o - 0*o - 2. Suppose c = -o, 40 = 4*s - 0*c + 4*c. Let n be (28/s + -3)*-66. Calculate the highest common factor of 11 and n.
11
Suppose -5*y + 6 = -2*y. Suppose -y*b = -b - 10. Calculate the highest common divisor of 80 and b.
10
Let v = 13 - 8. Suppose 3*s + 38 = 2*m - 45, 203 = 5*m - 3*s. Suppose m + 10 = 2*k. What is the greatest common divisor of v and k?
5
Let d be ((-36)/30)/((-3)/40). Let p be 3 - (3/(-6))/(4/d). Calculate the highest common factor of 3 and p.
1
Suppose i - 8 = -i. Let r(y) = 4*y + 26. Let g be r(-6). Suppose 0 = g*h + 4 - 12. What is the greatest common factor of h and i?
4
Suppose -8*j + 6*j = -6. Let l be 14/2 + j + -4. Let w = 11 - -1. What is the highest common factor of l and w?
6
Let l(p) = -5*p + 1. Let j be l(-1). Suppose -49 = -j*v + 53. What is the highest common factor of 153 and v?
17
Let u = 36 - 32. Suppose 0 = -u*x + b - 4*b + 111, -2*x - 5*b + 59 = 0. What is the greatest common divisor of x and 18?
9
Suppose -6*g + 180 = -g. Let i = -40 - -28. Let p be 3 + 0 + i*6/(-8). Calculate the greatest common factor of p and g.
12
Let o(x) = 6*x**2 - 7. Let l(f) = f**2 - 1. Let t(j) = -4*l(j) + o(j). Let h be t(3). What is the greatest common divisor of 60 and h?
15
Let p = -31 + 32. Suppose -3*o = -20 - p. Calculate the highest common divisor of 1 and o.
1
Suppose 90 = 5*o - 5*j, 51 = 2*o + 2*o + 3*j. Let x be o - ((-12)/4 - -6). Calculate the greatest common factor of 84 and x.
12
Let s = 148 - 104. Let u be (-2)/(-4)*(-3 - -7). Suppose -2*y + 8 = -u*v + 22, -9 = -3*v - y. What is the greatest common factor of s and v?
4
Suppose -2*p - 90 = 3*p. Let v be p*(-2 - (-16)/12). Let x = -73 - -103. What is the greatest common divisor of x and v?
6
Let j be ((-68)/3)/(172/(-258)). Calculate the highest common divisor of 1666 and j.
34
Suppose 0 = -2*t - 0*t + 40. Let x be (t/12)/(1/(-6)). Let l be (-240)/x + -3 + 1. Calculate the greatest common divisor of l and 198.
22
Let m be (5 - -1)*(-8)/(-6). Let d = 2 + m. Let s(u) = 2*u**3 - 3*u**2. Let g be s(4). What is the highest common divisor of g and d?
10
Let y be 10 + (2 - 2) - 16/4. Calcu